{"id":8572,"date":"2025-10-22T11:20:36","date_gmt":"2025-10-22T14:20:36","guid":{"rendered":"https:\/\/www.akeo.com.br\/produtos\/?post_type=product&#038;p=8572"},"modified":"2026-01-28T16:36:11","modified_gmt":"2026-01-28T19:36:11","slug":"eden-duo","status":"publish","type":"product","link":"https:\/\/www.akeo.com.br\/produtos\/produto\/eden-duo\/","title":{"rendered":"\u00c9den Duo"},"content":{"rendered":"","protected":false},"excerpt":{"rendered":"<p>Pensando em ampliar as possibilidades de aplica\u00e7\u00e3o dos puxadores Lino e Eden, apresentamos\u00a0 suas novas vers\u00f5es: Lino Duo e Eden Duo. Com uma ponteira intermedi\u00e1ria, esses produtos ganham ainda mais funcionalidade e seguran\u00e7a, permitindo o uso de comprimentos maiores sem abrir m\u00e3o da firmeza e estabilidade na pega, ideais para portas amplas e projetos que pedem presen\u00e7a. Al\u00e9m disso, a nova solu\u00e7\u00e3o permite que o puxador receba o acabamento em pintura em extens\u00f5es maiores, valorizando ainda mais os projetos.<\/p>\n","protected":false},"featured_media":8573,"comment_status":"closed","ping_status":"closed","template":"","meta":{"ngg_post_thumbnail":0},"product_cat":[53,78,54],"product_tag":[],"class_list":["post-8572","product","type-product","status-publish","has-post-thumbnail","hentry","product_cat-aluminio","product_cat-aluminio-puxadores","product_cat-puxadores-alcas"],"acf":[],"_links":{"self":[{"href":"https:\/\/www.akeo.com.br\/produtos\/wp-json\/wp\/v2\/product\/8572","targetHints":{"allow":["GET"]}}],"collection":[{"href":"https:\/\/www.akeo.com.br\/produtos\/wp-json\/wp\/v2\/product"}],"about":[{"href":"https:\/\/www.akeo.com.br\/produtos\/wp-json\/wp\/v2\/types\/product"}],"replies":[{"embeddable":true,"href":"https:\/\/www.akeo.com.br\/produtos\/wp-json\/wp\/v2\/comments?post=8572"}],"wp:featuredmedia":[{"embeddable":true,"href":"https:\/\/www.akeo.com.br\/produtos\/wp-json\/wp\/v2\/media\/8573"}],"wp:attachment":[{"href":"https:\/\/www.akeo.com.br\/produtos\/wp-json\/wp\/v2\/media?parent=8572"}],"wp:term":[{"taxonomy":"product_cat","embeddable":true,"href":"https:\/\/www.akeo.com.br\/produtos\/wp-json\/wp\/v2\/product_cat?post=8572"},{"taxonomy":"product_tag","embeddable":true,"href":"https:\/\/www.akeo.com.br\/produtos\/wp-json\/wp\/v2\/product_tag?post=8572"}],"curies":[{"name":"wp","href":"https:\/\/api.w.org\/{rel}","templated":true}]}}