{"id":8466,"date":"2025-08-05T08:50:50","date_gmt":"2025-08-05T11:50:50","guid":{"rendered":"https:\/\/www.akeo.com.br\/produtos\/?post_type=product&#038;p=8466"},"modified":"2025-10-22T13:45:55","modified_gmt":"2025-10-22T16:45:55","slug":"lino-eden","status":"publish","type":"product","link":"https:\/\/www.akeo.com.br\/produtos\/produto\/lino-eden\/","title":{"rendered":"Lino"},"content":{"rendered":"","protected":false},"excerpt":{"rendered":"<p>Este puxador foi pensado para ir al\u00e9m da est\u00e9tica, ele convida ao toque.<br \/>\nSeu perfil ergon\u00f4mico proporciona conforto no uso di\u00e1rio, enquanto as curvas org\u00e2nicas trazem leveza e fluidez ao design, refletindo as tend\u00eancias mais atuais do mobili\u00e1rio contempor\u00e2neo. Na vers\u00e3o com textura, o detalhe sensorial entra em cena, oferecendo uma experi\u00eancia t\u00e1til \u00fanica e um toque de aconchego visual. \u00c9 a uni\u00e3o perfeita entre forma e fun\u00e7\u00e3o. Um puxador que encaixa na m\u00e3o com a mesma naturalidade que se encaixa no olhar.<\/p>\n","protected":false},"featured_media":8467,"comment_status":"closed","ping_status":"closed","template":"","meta":{"ngg_post_thumbnail":0},"product_cat":[53,78,54],"product_tag":[],"class_list":["post-8466","product","type-product","status-publish","has-post-thumbnail","hentry","product_cat-aluminio","product_cat-aluminio-puxadores","product_cat-puxadores-alcas"],"acf":[],"_links":{"self":[{"href":"https:\/\/www.akeo.com.br\/produtos\/wp-json\/wp\/v2\/product\/8466","targetHints":{"allow":["GET"]}}],"collection":[{"href":"https:\/\/www.akeo.com.br\/produtos\/wp-json\/wp\/v2\/product"}],"about":[{"href":"https:\/\/www.akeo.com.br\/produtos\/wp-json\/wp\/v2\/types\/product"}],"replies":[{"embeddable":true,"href":"https:\/\/www.akeo.com.br\/produtos\/wp-json\/wp\/v2\/comments?post=8466"}],"wp:featuredmedia":[{"embeddable":true,"href":"https:\/\/www.akeo.com.br\/produtos\/wp-json\/wp\/v2\/media\/8467"}],"wp:attachment":[{"href":"https:\/\/www.akeo.com.br\/produtos\/wp-json\/wp\/v2\/media?parent=8466"}],"wp:term":[{"taxonomy":"product_cat","embeddable":true,"href":"https:\/\/www.akeo.com.br\/produtos\/wp-json\/wp\/v2\/product_cat?post=8466"},{"taxonomy":"product_tag","embeddable":true,"href":"https:\/\/www.akeo.com.br\/produtos\/wp-json\/wp\/v2\/product_tag?post=8466"}],"curies":[{"name":"wp","href":"https:\/\/api.w.org\/{rel}","templated":true}]}}