{"id":8453,"date":"2025-08-05T08:52:09","date_gmt":"2025-08-05T11:52:09","guid":{"rendered":"https:\/\/www.akeo.com.br\/produtos\/?post_type=product&#038;p=8453"},"modified":"2026-03-19T15:20:43","modified_gmt":"2026-03-19T18:20:43","slug":"cava-quadrado","status":"publish","type":"product","link":"https:\/\/www.akeo.com.br\/produtos\/produto\/cava-quadrado\/","title":{"rendered":"Cava Quadrado"},"content":{"rendered":"","protected":false},"excerpt":{"rendered":"<p>Com linhas retas e aplica\u00e7\u00e3o embutida, esse puxador no estilo cava traduz a eleg\u00e2ncia do minimalismo funcional. Seu design limpo integra-se perfeitamente ao m\u00f3vel, valorizando superf\u00edcies cont\u00ednuas e criando um visual sofisticado e fluido. Mas apesar da discri\u00e7\u00e3o, ele n\u00e3o passa despercebido: seja pelo formato preciso, pela variedade de acabamentos ou pela leveza na composi\u00e7\u00e3o, \u00e9 um detalhe que faz a diferen\u00e7a, e que se adapta com estilo a diferentes propostas de decora\u00e7\u00e3o. Vers\u00e1til, f\u00e1cil de aplicar e cheio de personalidade. Um essencial moderno para m\u00f3veis que prezam pela est\u00e9tica e pela funcionalidade.<\/p>\n","protected":false},"featured_media":8457,"comment_status":"closed","ping_status":"closed","template":"","meta":{"ngg_post_thumbnail":0},"product_cat":[35,79,58,134],"product_tag":[],"class_list":["post-8453","product","type-product","status-publish","has-post-thumbnail","hentry","product_cat-plastico","product_cat-plastico-puxadores","product_cat-puxadores-de-topo","product_cat-puxadores-de-embutir"],"acf":[],"_links":{"self":[{"href":"https:\/\/www.akeo.com.br\/produtos\/wp-json\/wp\/v2\/product\/8453","targetHints":{"allow":["GET"]}}],"collection":[{"href":"https:\/\/www.akeo.com.br\/produtos\/wp-json\/wp\/v2\/product"}],"about":[{"href":"https:\/\/www.akeo.com.br\/produtos\/wp-json\/wp\/v2\/types\/product"}],"replies":[{"embeddable":true,"href":"https:\/\/www.akeo.com.br\/produtos\/wp-json\/wp\/v2\/comments?post=8453"}],"wp:featuredmedia":[{"embeddable":true,"href":"https:\/\/www.akeo.com.br\/produtos\/wp-json\/wp\/v2\/media\/8457"}],"wp:attachment":[{"href":"https:\/\/www.akeo.com.br\/produtos\/wp-json\/wp\/v2\/media?parent=8453"}],"wp:term":[{"taxonomy":"product_cat","embeddable":true,"href":"https:\/\/www.akeo.com.br\/produtos\/wp-json\/wp\/v2\/product_cat?post=8453"},{"taxonomy":"product_tag","embeddable":true,"href":"https:\/\/www.akeo.com.br\/produtos\/wp-json\/wp\/v2\/product_tag?post=8453"}],"curies":[{"name":"wp","href":"https:\/\/api.w.org\/{rel}","templated":true}]}}