{"id":8375,"date":"2025-01-14T17:18:11","date_gmt":"2025-01-14T20:18:11","guid":{"rendered":"https:\/\/www.akeo.com.br\/produtos\/?post_type=product&#038;p=8375"},"modified":"2025-10-28T10:37:32","modified_gmt":"2025-10-28T13:37:32","slug":"lucca","status":"publish","type":"product","link":"https:\/\/www.akeo.com.br\/produtos\/produto\/lucca\/","title":{"rendered":"Lucca"},"content":{"rendered":"","protected":false},"excerpt":{"rendered":"<p>Cada produto \u00e9 cuidadosamente projetado para dar personalidade e bom gosto nos mais variados projetos. Assim, nasce o puxador Lucca. Contempor\u00e2neo e comunicativo \u00e9 uma pe\u00e7a coringa para os mais variados projetos, desde portas com molduras at\u00e9 as mais \u201climpas\u201d tornado o m\u00f3vel protagonista.<\/p>\n<p>Use tamb\u00e9m nas portas com molduras, voc\u00ea vai se apaixonar pelo resultado.<\/p>\n","protected":false},"featured_media":8376,"comment_status":"closed","ping_status":"closed","template":"","meta":{"ngg_post_thumbnail":0},"product_cat":[35,79,51],"product_tag":[],"class_list":["post-8375","product","type-product","status-publish","has-post-thumbnail","hentry","product_cat-plastico","product_cat-plastico-puxadores","product_cat-puxadores-alca"],"acf":[],"_links":{"self":[{"href":"https:\/\/www.akeo.com.br\/produtos\/wp-json\/wp\/v2\/product\/8375","targetHints":{"allow":["GET"]}}],"collection":[{"href":"https:\/\/www.akeo.com.br\/produtos\/wp-json\/wp\/v2\/product"}],"about":[{"href":"https:\/\/www.akeo.com.br\/produtos\/wp-json\/wp\/v2\/types\/product"}],"replies":[{"embeddable":true,"href":"https:\/\/www.akeo.com.br\/produtos\/wp-json\/wp\/v2\/comments?post=8375"}],"wp:featuredmedia":[{"embeddable":true,"href":"https:\/\/www.akeo.com.br\/produtos\/wp-json\/wp\/v2\/media\/8376"}],"wp:attachment":[{"href":"https:\/\/www.akeo.com.br\/produtos\/wp-json\/wp\/v2\/media?parent=8375"}],"wp:term":[{"taxonomy":"product_cat","embeddable":true,"href":"https:\/\/www.akeo.com.br\/produtos\/wp-json\/wp\/v2\/product_cat?post=8375"},{"taxonomy":"product_tag","embeddable":true,"href":"https:\/\/www.akeo.com.br\/produtos\/wp-json\/wp\/v2\/product_tag?post=8375"}],"curies":[{"name":"wp","href":"https:\/\/api.w.org\/{rel}","templated":true}]}}