{"id":8178,"date":"2023-08-09T15:48:07","date_gmt":"2023-08-09T18:48:07","guid":{"rendered":"https:\/\/www.akeo.com.br\/produtos\/?post_type=product&#038;p=8178"},"modified":"2026-02-19T09:44:44","modified_gmt":"2026-02-19T12:44:44","slug":"toro","status":"publish","type":"product","link":"https:\/\/www.akeo.com.br\/produtos\/produto\/toro\/","title":{"rendered":"Toro"},"content":{"rendered":"","protected":false},"excerpt":{"rendered":"<p>O Puxador Toro \u00e9 caracterizado por um design que explora o artesanal, usando um material que mimetiza o couro natural, buscando criar uma conex\u00e3o emocional com o usu\u00e1rio, transmitindo uma sensa\u00e7\u00e3o acolhedora. O aspecto t\u00e1til \u00e9 importante, proporcionando uma experi\u00eancia agrad\u00e1vel ao toque. Composto por duas pe\u00e7as, permite combina\u00e7\u00e3o de cores para personaliza\u00e7\u00e3o de acordo com a est\u00e9tica do mobili\u00e1rio.<\/p>\n","protected":false},"featured_media":8177,"comment_status":"closed","ping_status":"closed","template":"","meta":{"ngg_post_thumbnail":0},"product_cat":[35,79,133],"product_tag":[],"class_list":["post-8178","product","type-product","status-publish","has-post-thumbnail","hentry","product_cat-plastico","product_cat-plastico-puxadores","product_cat-puxadores-pontuais"],"acf":[],"_links":{"self":[{"href":"https:\/\/www.akeo.com.br\/produtos\/wp-json\/wp\/v2\/product\/8178","targetHints":{"allow":["GET"]}}],"collection":[{"href":"https:\/\/www.akeo.com.br\/produtos\/wp-json\/wp\/v2\/product"}],"about":[{"href":"https:\/\/www.akeo.com.br\/produtos\/wp-json\/wp\/v2\/types\/product"}],"replies":[{"embeddable":true,"href":"https:\/\/www.akeo.com.br\/produtos\/wp-json\/wp\/v2\/comments?post=8178"}],"wp:featuredmedia":[{"embeddable":true,"href":"https:\/\/www.akeo.com.br\/produtos\/wp-json\/wp\/v2\/media\/8177"}],"wp:attachment":[{"href":"https:\/\/www.akeo.com.br\/produtos\/wp-json\/wp\/v2\/media?parent=8178"}],"wp:term":[{"taxonomy":"product_cat","embeddable":true,"href":"https:\/\/www.akeo.com.br\/produtos\/wp-json\/wp\/v2\/product_cat?post=8178"},{"taxonomy":"product_tag","embeddable":true,"href":"https:\/\/www.akeo.com.br\/produtos\/wp-json\/wp\/v2\/product_tag?post=8178"}],"curies":[{"name":"wp","href":"https:\/\/api.w.org\/{rel}","templated":true}]}}