{"id":6023,"date":"2022-10-18T13:55:36","date_gmt":"2022-10-18T16:55:36","guid":{"rendered":"https:\/\/www.akeo.com.br\/wordpress\/?post_type=product&#038;p=6023"},"modified":"2023-02-24T09:26:31","modified_gmt":"2023-02-24T12:26:31","slug":"vise","status":"publish","type":"product","link":"https:\/\/www.akeo.com.br\/produtos\/produto\/vise\/","title":{"rendered":"Vis\u00ea"},"content":{"rendered":"","protected":false},"excerpt":{"rendered":"<p>Criar uma atmosfera contempor\u00e2nea, com linhas horizontais que otimizam espa\u00e7os menores \u00e9 a proposta do Perfil Puxador Vis\u00ea. Um acabamento de topo com a pega em chanfro, dando conforto e funcionalidade, e que agrega valor ao mobili\u00e1rio.<\/p>\n<p>Este produto pode ter aplica\u00e7\u00e3o de hot stamping.<\/p>\n","protected":false},"featured_media":6704,"comment_status":"open","ping_status":"closed","template":"","meta":{"ngg_post_thumbnail":0},"product_cat":[35,75,131],"product_tag":[],"class_list":["post-6023","product","type-product","status-publish","has-post-thumbnail","hentry","product_cat-plastico","product_cat-plastico-perfis","product_cat-perfis-de-topo"],"acf":[],"_links":{"self":[{"href":"https:\/\/www.akeo.com.br\/produtos\/wp-json\/wp\/v2\/product\/6023","targetHints":{"allow":["GET"]}}],"collection":[{"href":"https:\/\/www.akeo.com.br\/produtos\/wp-json\/wp\/v2\/product"}],"about":[{"href":"https:\/\/www.akeo.com.br\/produtos\/wp-json\/wp\/v2\/types\/product"}],"replies":[{"embeddable":true,"href":"https:\/\/www.akeo.com.br\/produtos\/wp-json\/wp\/v2\/comments?post=6023"}],"wp:featuredmedia":[{"embeddable":true,"href":"https:\/\/www.akeo.com.br\/produtos\/wp-json\/wp\/v2\/media\/6704"}],"wp:attachment":[{"href":"https:\/\/www.akeo.com.br\/produtos\/wp-json\/wp\/v2\/media?parent=6023"}],"wp:term":[{"taxonomy":"product_cat","embeddable":true,"href":"https:\/\/www.akeo.com.br\/produtos\/wp-json\/wp\/v2\/product_cat?post=6023"},{"taxonomy":"product_tag","embeddable":true,"href":"https:\/\/www.akeo.com.br\/produtos\/wp-json\/wp\/v2\/product_tag?post=6023"}],"curies":[{"name":"wp","href":"https:\/\/api.w.org\/{rel}","templated":true}]}}