{"id":5989,"date":"2022-10-18T13:55:24","date_gmt":"2022-10-18T16:55:24","guid":{"rendered":"https:\/\/www.akeo.com.br\/wordpress\/?post_type=product&#038;p=5989"},"modified":"2023-02-24T09:23:39","modified_gmt":"2023-02-24T12:23:39","slug":"imare-2","status":"publish","type":"product","link":"https:\/\/www.akeo.com.br\/produtos\/produto\/imare-2\/","title":{"rendered":"Imar\u00e9"},"content":{"rendered":"","protected":false},"excerpt":{"rendered":"<p>DICA AKEO: Este produto pode ter aplica\u00e7\u00e3o de hot stamping.<\/p>\n","protected":false},"featured_media":6687,"comment_status":"open","ping_status":"closed","template":"","meta":{"ngg_post_thumbnail":0},"product_cat":[35,75,42],"product_tag":[],"class_list":["post-5989","product","type-product","status-publish","has-post-thumbnail","hentry","product_cat-plastico","product_cat-plastico-perfis","product_cat-perfis-puxadores-e-decorativos"],"acf":[],"_links":{"self":[{"href":"https:\/\/www.akeo.com.br\/produtos\/wp-json\/wp\/v2\/product\/5989","targetHints":{"allow":["GET"]}}],"collection":[{"href":"https:\/\/www.akeo.com.br\/produtos\/wp-json\/wp\/v2\/product"}],"about":[{"href":"https:\/\/www.akeo.com.br\/produtos\/wp-json\/wp\/v2\/types\/product"}],"replies":[{"embeddable":true,"href":"https:\/\/www.akeo.com.br\/produtos\/wp-json\/wp\/v2\/comments?post=5989"}],"wp:featuredmedia":[{"embeddable":true,"href":"https:\/\/www.akeo.com.br\/produtos\/wp-json\/wp\/v2\/media\/6687"}],"wp:attachment":[{"href":"https:\/\/www.akeo.com.br\/produtos\/wp-json\/wp\/v2\/media?parent=5989"}],"wp:term":[{"taxonomy":"product_cat","embeddable":true,"href":"https:\/\/www.akeo.com.br\/produtos\/wp-json\/wp\/v2\/product_cat?post=5989"},{"taxonomy":"product_tag","embeddable":true,"href":"https:\/\/www.akeo.com.br\/produtos\/wp-json\/wp\/v2\/product_tag?post=5989"}],"curies":[{"name":"wp","href":"https:\/\/api.w.org\/{rel}","templated":true}]}}